. What is the remainder when h is divided by m/15 + 6/(-15)?
31
Let i be (2 - 1) + (-5 - -1). Let b = 27 + i. Let v = -88 - -133. Calculate the remainder when v is divided by b.
21
Let a(w) be the third derivative of 8*w**5/5 + w**4/8 + w**3/2 - 34*w**2. Calculate the remainder when a(-1) is divided by 26.
18
Suppose 0 = -46*p + 61*p - 120. Calculate the remainder when 45 is divided by p.
5
Suppose 0 = -4*q + s + 310 + 252, -2*q + 2*s = -278. What is the remainder when q is divided by 71?
70
Let t be -12*(3 + -2)*1. Let b = t + 19. Let n = 715 - 695. What is the remainder when n is divided by b?
6
Suppose 0 = -k + 4*k - 9. Suppose -y + 3 = -k. Suppose 2*o - 35 - 1 = -v, v + 44 = 3*o. Calculate the remainder when o is divided by y.
4
Let y = -45 + 77. Calculate the remainder when 93 is divided by y.
29
Let y(s) = -s**3 - 21*s**2 - 69*s + 72. What is the remainder when y(-18) is divided by 186?
156
Let q = 2 + 1. Suppose q*t - 6*t = -54. Let a = t - 8. What is the remainder when 27 is divided by a?
7
Let f(x) = 6*x + 8. Suppose 10 + 6 = 4*i + 4*z, 4*i = 5*z + 34. Calculate the remainder when f(i) is divided by 2 + 5 + 20 + 2*-2.
21
Calculate the remainder when (-1 - -3)*(-57 + 7)*-1 is divided by 38.
24
Suppose 0 = -20*z + 19*z + 41. Calculate the remainder when 111 is divided by z.
29
Let r(q) = -q**3 + 9*q**2 - 9*q + 6. Let l(o) = o**2 - 11*o - 8. Let a be l(12). Calculate the remainder when r(7) is divided by a/(-3)*(-33)/2.
19
Suppose 5*j = -2*p + 33, 4*p + 126 = 8*p - 2*j. Calculate the remainder when 287 is divided by p.
26
Suppose 72 = 4*j - 0*j. Suppose -h = -0*h + 11. Let d(n) = n**2 + 4*n - 8. Calculate the remainder when d(h) is divided by j.
15
Let o(a) = 12*a**2 + a. Suppose 72 = n + 20. What is the remainder when n is divided by o(-1)?
8
Suppose -3*q = -198 - 216. Calculate the remainder when q is divided by (-202)/(-6) + 5/15 - -1.
33
Let o(a) = -10*a - 3. Suppose -49*q = -47*q + 3*i - 29, 3*q - 4*i - 18 = 0. Calculate the remainder when o(-3) is divided by q.
7
Let c = 167 + -105. Let g = c + -2. Suppose 6*v = 2*v + g. Calculate the remainder when 56 is divided by v.
11
Suppose -7 - 7 = -o - 5*n, 14 = o - n. Suppose -343*t - 9 = -348*t + 11. What is the remainder when 2/7 + 136/o is divided by t?
2
Suppose 3*d = 5*i + 380, i - 545 = -6*d + 2*d. What is the remainder when d is divided by 46?
43
Suppose 0 = 10*f - 13*f - 192. Let k = -28 - f. What is the remainder when 107 is divided by k?
35
Suppose -3*r - 22 = -5*h, 5*r - 2 = h - 24. Let g = 16 + 3. Let u = r + g. What is the remainder when 29 is divided by u?
14
Suppose b - 12 = 2*s + 3, -2*b + 24 = -2*s. Suppose 10 = 5*h - 3*h. Calculate the remainder when b is divided by (-3)/1 + h + 2.
1
Let y be (380/(-57))/(2/(-15)). Suppose 5*u = 6*u - y. Suppose 26 = 5*i - 3*i. What is the remainder when u is divided by i?
11
Let q = -21 + 16. What is the remainder when (q/(-4))/(2/40) is divided by 7?
4
Suppose 19*z - 484 = -25*z. Let g(v) = v**3 + 9*v**2 - 11*v + 12. Calculate the remainder when g(-10) is divided by z.
0
Let w(g) = g**2 + 7*g - 15. Let h be w(-9). Suppose 260 = h*k - 94. Calculate the remainder when k is divided by 24.
22
What is the remainder when 620 is divided by 4/(-14) + -6 + 9338/98?
86
Let g = 293 - 254. What is the remainder when g is divided by 10?
9
Suppose -4*p = 4*x, -x = x - 2*p - 12. Suppose x*h - 37 = -j, 0 = -h + 3*j - j + 24. What is the remainder when h is divided by 2?
0
Let y = 115 + -26. Let x = y - 30. Calculate the remainder when x is divided by 17.
8
Let v = 4067 - 4054. Let o(b) be the first derivative of b**3/3 - 2*b**2 + 3*b + 1. Calculate the remainder when v is divided by o(5).
5
Let f = 607 - 569. Calculate the remainder when f is divided by 22.
16
Suppose h + h = 138. Let w = 151 + -98. Suppose 3*q + 52 + w = 4*a, 3*a + 5*q = 57. What is the remainder when h is divided by a?
21
Let d be 12/8*4 + 3. Let a = d + -1. Let o = 14 - a. Calculate the remainder when 16 is divided by o.
4
Let m(y) = -24*y + 141. Calculate the remainder when m(-15) is divided by 63.
60
Let r(l) = -l**2 - 8*l - 7. Let p be r(-3). Suppose 2*w = -p*w + 290. What is the remainder when w is divided by 10?
9
Suppose -1 = -9*z + 674. Let p = z + -38. Calculate the remainder when 142 is divided by p.
31
Let j(r) = 29*r**2 - r + 1. Let d be j(1). Suppose -115 = -16*n + d. Calculate the remainder when 115 is divided by n.
7
Suppose -m + 0*m + 40 = 0. Let s be 15*((-2)/(-2) + 2). Suppose -2*x + s = 3. What is the remainder when m is divided by x?
19
Suppose -3*k - 2*k + 19 = 2*x, -10 = -5*x. Suppose -5*p + p - 228 = 2*m, 3*p + 180 = k*m. Calculate the remainder when -2*p/4*3 is divided by 22.
21
Suppose -22 = 5*w - 4*r - 403, 0 = -5*w + 3*r + 377. What is the remainder when w is divided by 26?
21
Suppose -58 = -2*c - 3*o, 7*o = -2*c + 2*o + 62. Calculate the remainder when c is divided by 30/2 - (-2 + 3).
12
Let g = -4 + 26. Let c be 8*4/24*3. Calculate the remainder when 35 is divided by 1*g - (7 - c).
16
What is the remainder when (1/(3/10))/((-38)/(-3876)) is divided by 69?
64
Suppose -46 = 3*b + 2*h, 3*b + 46 = -b + 5*h. Calculate the remainder when 66 is divided by 0 + 2/b + (-254)/(-14).
12
Let u(t) = -1 + 85*t + 1 - 24*t. What is the remainder when u(1) is divided by 21?
19
Let x = -13 - -24. Calculate the remainder when 43 is divided by x.
10
Suppose 40*l = 41*l - 46. Calculate the remainder when 275 is divided by l.
45
Let y(j) = 12*j - 265. What is the remainder when 1001 is divided by y(27)?
57
What is the remainder when 89 is divided by 25/((-50)/(-8)) - -17?
5
Let t = 56 - 38. Let k(w) = -w**3 + 19*w**2 - 16*w + 18. What is the remainder when k(t) is divided by 10?
4
Suppose 0 = -f - f + 32. Let n(q) = -q**2 + 4*q + 1. Let p be n(3). Suppose p*u = 169 + 79. Calculate the remainder when u is divided by f.
14
Let n = 444 - 411. What is the remainder when 86 is divided by n?
20
Suppose 5*f + 5*y - 140 = 0, 206*y - 208*y = -6. Calculate the remainder when 97 is divided by f.
22
Let h be (-3)/((-2)/(4/3)). Suppose -5*v = -3*v - k - 30, -3*v = -h*k - 46. Suppose -216 = -307*t + 303*t. Calculate the remainder when t is divided by v.
12
Let y(f) = -6*f + 271. What is the remainder when 17 is divided by y(44)?
3
Let b be -8 - -5 - (-2)/1. Let h = b - 7. Let p = h + 12. Calculate the remainder when 5 is divided by p.
1
Suppose -57 = -2*a - 11. What is the remainder when 176 is divided by a?
15
Let m(v) = 2*v**3 - 18*v**2 + 9*v - 15. What is the remainder when 74 is divided by m(9)?
8
Let q(c) = 53*c - 193. What is the remainder when 358 is divided by q(5)?
70
Calculate the remainder when 35 is divided by 10/(12/8*(-15)/(-27)).
11
Let a(w) = w**3 - 14*w**2 + 3*w + 3. Let m(x) = -2*x**3 - 5*x**2 - 2*x - 1. Let g be m(-3). Calculate the remainder when a(g) is divided by 12.
9
Let x = -9 - 9. Let c be -1*(-4)/8*-74. Let u = x - c. Calculate the remainder when u is divided by 11.
8
Suppose -7*o + 6*o = 93. Let d = o - -103. What is the remainder when 27 is divided by d?
7
Let w(c) = c - 4. Suppose 6 = 4*p - 10. Suppose p*d = 5*b - 6 - 4, 4*b + 2*d = 34. What is the remainder when w(b) is divided by 2?
0
Let a(n) = n**2 - 8*n + 1. Let s be a(6). Let o = s - -18. Let g = 11 + -6. What is the remainder when o is divided by g?
2
Let k = 73 - -10. Calculate the remainder when k is divided by 31.
21
Suppose -327 = -4*q - 5*k, 2*q - q + 5*k = 78. Calculate the remainder when q is divided by (24/(-7))/(-5*4/70).
11
Calculate the remainder when -1*(-4 - 33/9)*3 is divided by 3.
2
Let q(d) = -374 - 5*d**2 + 11*d + 395 + 6*d**2. What is the remainder when q(-13) is divided by 18?
11
Suppose 7*s = 15*s - 304. Calculate the remainder when s is divided by 20.
18
Suppose -8*y + 4*y = 36. Let f = y + 14. Suppose 0 = f*b - 7*b + 16. Calculate the remainder when 23 is divided by b.
7
Let h = -167 + 187. Calculate the remainder when 159 is divided by h.
19
Let m be (0/(7 + -4))/1. Suppose -36 = -4*w - m*b - b, 2*b = 5*w - 58. Suppose 9*c = w*c - 42. What is the remainder when c is divided by 9?
6
Suppose -3*g - 38*u = -34*u - 38, -4*g = 5*u - 52. What is the remainder when 155 is divided by g?
11
Let q(a) = -4*a + 16. Let l be q(-5). Calculate the remainder when 57 is divided by 30*((-1)/(-4)